s(-19). Let y(x) = x**2 + 2*x - 6. Let a be y(0). Is 615/l - (-3)/a a composite number?
False
Let p be ((3 - 0) + -305)*3/(-6). Let z = p - -592. Is z composite?
False
Suppose 3*f - 10*f + 71*f = 4138816. Is f a composite number?
True
Let n = -8484 - -12057. Is -6 + n + (0 - -4) prime?
True
Let v(z) = z**3 - 8*z**2 + 18*z - 3. Let k be v(4). Suppose 5*w - 80 = k*x, 4*w = 2*w - 3*x + 22. Suppose -8*g - 1482 = -w*g. Is g a prime number?
False
Suppose 0 = -2*q - x + 13103 + 32609, 0 = 2*q - 5*x - 45712. Let u = -11853 + q. Is u composite?
False
Let w be 1/8 + 286/16. Suppose w*i - 63856 = 43982. Is i a prime number?
False
Let g(x) = -60*x**2 - 11*x + 2. Let r be g(3). Let y = 96 - r. Is y composite?
True
Suppose -3*g = -8*l + 5*l + 52950, 2*l = -g - 17665. Let i be (g/(-10))/((-11)/(-4) - 2). Let b = i - 1503. Is b composite?
True
Let j(d) = 2*d**2 - 8*d. Let z be j(3). Let q(a) = -a - 4. Let h be q(z). Is ((-469)/h)/(5/(-10)) composite?
True
Let x = -28 - -28. Suppose x = k + 4*r + 13, -4*k - 3*r - 16 + 3 = 0. Is 2*k/4 + 11374/4 a composite number?
False
Suppose 0 = 44*n - 77*n + 1135299. Is n composite?
False
Let p(j) = j**3 - 24*j**2 - 4*j + 38. Let q be 6/12*6 + (0 - -23). Let r be p(q). Suppose -r + 4240 = 7*h. Is h a composite number?
True
Is ((-9)/(-6))/((-6339726)/22190364 - (-4)/14) a prime number?
False
Suppose -1914*h + 119996 = a - 1917*h, -2*a = -2*h - 239988. Is a composite?
False
Let j(c) = -57*c - 21. Let k(n) = -2*n**2 + n + 7. Let z be k(-3). Let m be j(z). Let f = m - -64. Is f a prime number?
False
Is (1069033/(-98))/((-4 - -7)/(-6)) composite?
False
Let q(w) be the third derivative of -w**6/60 + w**5/20 + w**4/24 - w**3/3 + 5*w**2. Let b be q(2). Is 2/b*(-5)/(15/534) a prime number?
True
Let h = 89008 + -20001. Is h a prime number?
False
Let g(s) = s**3 - 16*s**2 - 17*s + 4. Let v be g(17). Is v + 12/(-3) - (-2392)/8 composite?
True
Suppose -2*v - 3679180 = -22*v. Is v composite?
False
Suppose 18*f = 15*f + 6. Suppose -f*o = -8, 7*n - 3*n = 3*o + 1056. Suppose -3*p = -5*t + n + 440, 0 = 3*t + 4*p - 401. Is t composite?
False
Let i be 2/((-2)/(-3)) + (19 - 17). Let g(m) = -24*m - 5. Let c be g(i). Let q = c - -208. Is q composite?
False
Let y be -1*6/(-2) + 11. Suppose 0 = j - 4, -2*m - y*j = -10*j - 10890. Is m a prime number?
True
Suppose -g - 262 = -3*z, -166 + 431 = 3*z - 4*g. Suppose -z*c + 93*c - 37482 = 0. Is c a prime number?
True
Let y be (-20)/(-5) + (-6)/(-6). Suppose -34393 = -4*q - 5*n, q + y*n = 6*n + 8596. Is q composite?
False
Suppose -z - 9*z = -4210. Suppose -z*j - 1418 = -423*j. Is j a prime number?
True
Let t(g) = 38*g**2 + 595*g + 258. Is t(131) prime?
True
Let v(c) = c**3 - 3*c**2 + 2*c. Let b be v(2). Suppose 5*k + 2*k - 8519 = b. Is k composite?
False
Suppose 10*n = -10*n + 180. Suppose 0 = n*w - 5*w - 1628. Is w a composite number?
True
Suppose -11*t + 6720 = -3*t. Suppose 14*c - t = 9*c. Let r = 283 - c. Is r composite?
True
Let z be 8/3*(-40887)/(-84). Let y = 245 + z. Is y a prime number?
True
Suppose -u - 3*l + 1012 = -10180, 3*u + 14*l - 33531 = 0. Is u prime?
False
Is (12/(-10))/(595/255 + 112502/(-48210)) a composite number?
True
Suppose 9*s - 19936006 - 10098135 = -70*s. Is s prime?
True
Let t = 22 - 17. Suppose t = 5*q + 15. Is (4269 - q)*2*(-5)/(-10) a prime number?
True
Let u(b) be the third derivative of -293*b**4/24 + 33*b**3/2 - 52*b**2 - b. Is u(-4) a prime number?
False
Let c(w) = -69*w - 102*w + 42*w + 28. Is c(-5) prime?
True
Let q(z) = -4*z - 17. Let h be q(-5). Suppose 0*k + h = k. Suppose 2*r = -u + 1699, -4*u - k*r = -5*u + 1684. Is u a composite number?
False
Let z = -66058 - -180429. Is z prime?
True
Let d(q) be the second derivative of q**5/10 + q**4/12 + 5*q**3/3 - 4*q**2 - 18*q + 1. Is d(5) a composite number?
False
Suppose -6*q = -q - 90. Let c(i) = i**2 - 17*i - 19. Let l be c(q). Is l/(-3) - 920/(-3) a prime number?
True
Suppose -78*j + 3454829 = 206051. Is j prime?
True
Let u be (88/(-16) + 7)*4. Is (1/(9/u))/((-30)/(-285435)) a prime number?
True
Let s(o) = -10*o**3 - 2*o**2 - o. Let d be s(-1). Let f(r) = d*r - r**3 - 3 + 9*r**2 - 16 + 7. Is f(7) prime?
True
Let g be -1931*(28/7 + -8). Let v = -2253 + g. Is v a prime number?
True
Suppose 0*m = m - 4*s + 20, 2*m + 3*s - 15 = 0. Suppose m = k + k + 20. Is (-10816)/k + 6/15 a prime number?
False
Suppose -2*l - 2*t + 6 = 0, 0*l + t + 17 = 4*l. Suppose -5*w + 35589 = -l*w + 4*b, 20 = -5*b. Is w composite?
True
Suppose 16*v - 14*v - 4402 = 0. Let i = 732 - 370. Suppose -11*s + i = -v. Is s a prime number?
True
Suppose 2*l + 180 = -l. Let r = -53 - l. Suppose 2*g + 6985 = r*g. Is g prime?
False
Suppose -30*t = -23*t - 35. Suppose t*k - 222 = -k. Is k composite?
False
Suppose -5*c + t + 3*t - 10554 = 0, 2*t + 2122 = -c. Suppose 161*n - 898660 = -35*n. Let u = c + n. Is u prime?
False
Suppose l = -9*l - 30. Let x(o) = -50*o**2 + 3*o - 2. Let w be x(l). Let m = w - -1060. Is m a composite number?
False
Suppose 61*r - 53*r = 75176. Let x = r - 6008. Is x a composite number?
False
Let t = 14758 + 137377. Is t prime?
False
Is ((2/(-6))/((-12)/(-12)))/(26/(-3254082)) composite?
False
Let q(y) = 2*y + 9. Let g be q(-3). Suppose -d = -g, -m + 6*m - 5*d - 25 = 0. Is -6*(-4)/m + 584 composite?
False
Suppose 0*v = v - 1788. Suppose c + 7*c - 32 = 0. Suppose -5*r + 4*u = -2241, 3*u = c*r + u - v. Is r a composite number?
True
Suppose -3*s + 3*o + 69423 = 0, -3*s - 4*o + 41428 = -27967. Is s composite?
True
Suppose 29293 + 30054 = n + 4*r, -3*n + 3*r + 178056 = 0. Is n prime?
True
Suppose -5*p - 2*h = -23, -h = -0*p - 3*p + 16. Suppose -p = 3*b - 14. Suppose 907 = -b*r + 4918. Is r prime?
False
Let b(g) = -g**3 - 6*g**2 + 4*g - 30. Let i be b(-7). Is (-13258)/(-8) + i/36 a composite number?
False
Suppose -5*m + 3 = -17. Suppose m*t = 3*v - 4443, v + 3*t - 1725 = -257. Suppose 5*g - 5192 = -v. Is g prime?
True
Suppose 0 = 25*c + 6*c + 80414. Let u = -1435 - c. Is u a prime number?
False
Let g = -26502 + 41154. Suppose 5*x = x + g. Let o = x - 2416. Is o a composite number?
True
Suppose -2463 = 3*n - 4*n. Suppose -14*u + 30617 = n. Suppose -o = -u - 1170. Is o composite?
False
Let i(f) = 284*f - 11. Let j be i(-1). Let o = j - -438. Is o composite?
True
Let w = 933 - -4478. Is w a composite number?
True
Let m(n) = -34*n**3 - 25*n**2 - 243*n + 5. Is m(-13) composite?
False
Suppose 11*n + 20787 = -14721. Is (11/2)/((-6)/n) a prime number?
False
Suppose -19*y = 1109 + 2881. Is y/(-168) + (-6231)/(-4) composite?
False
Suppose -5*l - 5*h - 6080 = 0, -5*h = -2*l + 5*l + 3642. Let m = l + 2369. Suppose 4*k = m + 3718. Is k prime?
True
Let n = -15674 + 143073. Is n a composite number?
False
Let t = 38 - 25. Suppose 4 - t = 9*g. Is -19*(-2 - (-105 + 0))/g composite?
True
Let i = 54 + -128. Let b = i + 79. Suppose 2*c - o = 81 + 1554, 0 = b*o + 5. Is c a prime number?
False
Suppose 4795246 + 3652269 = 5*d + 5*k, 0 = d - 3*k - 1689503. Is d composite?
False
Let x(n) = -97*n - 2. Suppose -5*c = -16 + 26. Let i be x(c). Let l = i + 161. Is l composite?
False
Let m(n) = -3*n. Let z(y) = 201*y - 25. Let x(l) = 6*m(l) + z(l). Is x(6) prime?
False
Let i = -9160 + 114671. Is i composite?
True
Let g = 110012 + 84849. Is g composite?
False
Let x = 4347070 + -3066675. Is x a composite number?
True
Let q(i) = i**2 - 12*i - 27. Suppose -9 = -5*j - 4. Let d(u) = -u. Let h(t) = j*d(t) + q(t). Is h(-11) prime?
False
Let w(a) = 109*a + 57. Let b be w(16). Suppose 6*n + b = 8671. Is n a prime number?
False
Suppose -4*i = -20, 2*h - 3*i - 18 = -5*i. Is h + 5929/(-21)*-3 prime?
False
Let x(s) = -402*s + 75. Let w(i) = -401*i + 75. Let c(d) = 4*w(d) - 3*x(d). Is c(-17) a prime number?
True
Let d = 101 - 104. Let v be (0 - 1)*6*d/2. Let p(t) = 3*t**3 + 17*t**2 - 18*t + 1. Is p(v) prime?
False
Let k = -7 + 12. Suppose k*s + s = -6. Is 7/(-14)*(s - 2961) composite?
False
Let y(u) = 8*u**2 - 5*u + 2. Let p be y(3). Suppose 2*n = -6*g + 2*g + 54, 0 = 2*n - g - p. Let r = 230 + n. Is r prime?
False
Let t be (-6 + 4)/((1 - -7)/4). Let k be 3*-3*t*(-632)/(-2). Suppose -4*a + 5*d + k = 0, -7*a + 2*a = -d - 3534. Is a a composite number?
True
Suppose 12573*n = 12592*n - 2614267. Is n a composite number?
False
Suppose 0 = 27*c - 14*c - 30*c + 292349. Is c a composite number?
Tru